{"id":82,"date":"2025-02-14T15:10:46","date_gmt":"2025-02-14T14:10:46","guid":{"rendered":"https:\/\/www.circulacoop.be\/?page_id=82"},"modified":"2025-03-04T12:07:24","modified_gmt":"2025-03-04T11:07:24","slug":"carolo-store-by-les-producteurs","status":"publish","type":"page","link":"https:\/\/www.circulacoop.be\/","title":{"rendered":"Circulacoop, la coop\u00e9rative du CaroloStore"},"content":{"rendered":"<h4 style=\"text-align: center;\">\u201cEt si ensemble, il \u00e9tait possible de proposer des produits locaux de qualit\u00e9 en direct des producteurs de Charleroi M\u00e9tropole pour tous les Caloros?\u201d<\/h4>\n\n\n<div style=\"height:14px\" aria-hidden=\"true\" class=\"wp-block-spacer\"><\/div>\n\n\n<div class=\"wp-block-image is-style-default\">\n<figure class=\"aligncenter size-large is-resized has-custom-border\"><a href=\"http:\/\/www.carolostore.be\" target=\"_blank\" rel=\" noreferrer noopener\"><img loading=\"lazy\" decoding=\"async\" width=\"1024\" height=\"579\" src=\"https:\/\/www.circulacoop.be\/wp-content\/uploads\/2025\/02\/CS2310_LOGO_CMYK_BASELINE_edited-1-1024x579.jpg\" alt=\"\" class=\"has-border-color has-nv-dark-bg-border-color wp-image-168\" style=\"border-width:4px;border-radius:18px;width:267px;height:auto\" srcset=\"https:\/\/www.circulacoop.be\/wp-content\/uploads\/2025\/02\/CS2310_LOGO_CMYK_BASELINE_edited-1-1024x579.jpg 1024w, https:\/\/www.circulacoop.be\/wp-content\/uploads\/2025\/02\/CS2310_LOGO_CMYK_BASELINE_edited-1-300x170.jpg 300w, https:\/\/www.circulacoop.be\/wp-content\/uploads\/2025\/02\/CS2310_LOGO_CMYK_BASELINE_edited-1-768x434.jpg 768w, https:\/\/www.circulacoop.be\/wp-content\/uploads\/2025\/02\/CS2310_LOGO_CMYK_BASELINE_edited-1-1536x868.jpg 1536w, https:\/\/www.circulacoop.be\/wp-content\/uploads\/2025\/02\/CS2310_LOGO_CMYK_BASELINE_edited-1.jpg 1930w\" sizes=\"auto, (max-width: 1024px) 100vw, 1024px\" \/><\/a><\/figure>\n<\/div>\n\n\n<div style=\"height:51px\" aria-hidden=\"true\" class=\"wp-block-spacer\"><\/div>\n\n\n<div class=\"wp-block-image\">\n<figure class=\"aligncenter size-full\"><a href=\"https:\/\/www.carolostore.be\/\" target=\"_blank\" rel=\" noreferrer noopener\"><img loading=\"lazy\" decoding=\"async\" width=\"850\" height=\"449\" src=\"https:\/\/www.circulacoop.be\/wp-content\/uploads\/2025\/02\/legumes-850.jpg\" alt=\"\" class=\"wp-image-72\" srcset=\"https:\/\/www.circulacoop.be\/wp-content\/uploads\/2025\/02\/legumes-850.jpg 850w, https:\/\/www.circulacoop.be\/wp-content\/uploads\/2025\/02\/legumes-850-300x158.jpg 300w, https:\/\/www.circulacoop.be\/wp-content\/uploads\/2025\/02\/legumes-850-768x406.jpg 768w\" sizes=\"auto, (max-width: 850px) 100vw, 850px\" \/><\/a><\/figure>\n<\/div>\n\n\n<div style=\"height:51px\" aria-hidden=\"true\" class=\"wp-block-spacer\"><\/div>\n\n\n<h4 style=\"text-align: center;\">Pour une alimentation locale de qualit\u00e9,<br \/>au prix juste pour tous (mangeurs-producteurs)<br \/>Soutenez les producteurs de votre r\u00e9gion, soutenez CaroloStore !<\/h4>\n\n\n<div style=\"height:23px\" aria-hidden=\"true\" class=\"wp-block-spacer\"><\/div>\n\n\n\n<p class=\"has-text-align-center\">La soci\u00e9t\u00e9 coop\u00e9rative Circulacoop h\u00e9berge le <a href=\"https:\/\/www.carolostore.be\/\" target=\"_blank\" rel=\"noreferrer noopener\">CaroloStore<\/a>, le SUPERmarch\u00e9 des super producteurs&nbsp;!<\/p>\n\n\n<h1 class=\"has-text-align-center wp-block-site-title\">S.C. Circulacoop<\/h1>\n\n\n<div class=\"wp-block-buttons is-content-justification-center is-layout-flex wp-container-core-buttons-is-layout-16018d1d wp-block-buttons-is-layout-flex\">\n<div class=\"wp-block-button is-style-primary\"><a class=\"wp-block-button__link has-text-align-center wp-element-button\" href=\"https:\/\/www.carolostore.be\/rejoindre-la-coop%C3%A9rative\" target=\"_blank\" rel=\"noreferrer noopener\">Devenir coop\u00e9rateur<\/a><\/div>\n<\/div>\n\n\n\n<div style=\"height:54px\" aria-hidden=\"true\" class=\"wp-block-spacer\"><\/div>\n\n\n\n<div class=\"wp-block-buttons is-content-justification-center is-layout-flex wp-container-core-buttons-is-layout-16018d1d wp-block-buttons-is-layout-flex\">\n<div class=\"wp-block-button is-style-primary\"><a class=\"wp-block-button__link wp-element-button\" href=\"https:\/\/www.carolostore.be\/\" target=\"_blank\" rel=\"noreferrer noopener\">Acc\u00e9der au site web du CaroloStore<\/a><\/div>\n<\/div>\n\n\n\n<div style=\"height:49px\" aria-hidden=\"true\" class=\"wp-block-spacer\"><\/div>\n\n\n\n<h3 class=\"wp-block-heading has-text-align-center\"><\/h3>\n\n\n\n<div style=\"height:15px\" aria-hidden=\"true\" class=\"wp-block-spacer\"><\/div>\n\n\n\n<figure class=\"wp-block-image size-large\"><a href=\"https:\/\/www.carolostore.be\/\" target=\"_blank\" rel=\" noreferrer noopener\"><img loading=\"lazy\" decoding=\"async\" width=\"1024\" height=\"478\" src=\"https:\/\/www.circulacoop.be\/wp-content\/uploads\/2025\/02\/vitrine_1500x700_acf_cropped-1500x700-1-1024x478.jpg\" alt=\"\" class=\"wp-image-6\" srcset=\"https:\/\/www.circulacoop.be\/wp-content\/uploads\/2025\/02\/vitrine_1500x700_acf_cropped-1500x700-1-1024x478.jpg 1024w, https:\/\/www.circulacoop.be\/wp-content\/uploads\/2025\/02\/vitrine_1500x700_acf_cropped-1500x700-1-300x140.jpg 300w, https:\/\/www.circulacoop.be\/wp-content\/uploads\/2025\/02\/vitrine_1500x700_acf_cropped-1500x700-1-768x358.jpg 768w, https:\/\/www.circulacoop.be\/wp-content\/uploads\/2025\/02\/vitrine_1500x700_acf_cropped-1500x700-1.jpg 1500w\" sizes=\"auto, (max-width: 1024px) 100vw, 1024px\" \/><\/a><\/figure>\n\n\n\n<div style=\"height:58px\" aria-hidden=\"true\" class=\"wp-block-spacer\"><\/div>\n\n\n\n<p><\/p>\n","protected":false},"excerpt":{"rendered":"<p>\u201cEt si ensemble, il \u00e9tait possible de proposer des produits locaux de qualit\u00e9 en direct des producteurs de Charleroi M\u00e9tropole pour tous les Caloros?\u201d Pour une alimentation locale de qualit\u00e9,au prix juste pour tous (mangeurs-producteurs)Soutenez les producteurs de votre r\u00e9gion, soutenez CaroloStore ! La soci\u00e9t\u00e9 coop\u00e9rative Circulacoop h\u00e9berge le CaroloStore, le SUPERmarch\u00e9 des super producteurs&nbsp;!<\/p>\n","protected":false},"author":1,"featured_media":0,"parent":0,"menu_order":0,"comment_status":"closed","ping_status":"closed","template":"","meta":{"neve_meta_sidebar":"default","neve_meta_container":"contained","neve_meta_enable_content_width":"on","neve_meta_content_width":84,"neve_meta_title_alignment":"center","neve_meta_author_avatar":"","neve_post_elements_order":"","neve_meta_disable_header":"","neve_meta_disable_footer":"","neve_meta_disable_title":"off","footnotes":""},"class_list":["post-82","page","type-page","status-publish","hentry"],"_links":{"self":[{"href":"https:\/\/www.circulacoop.be\/index.php\/wp-json\/wp\/v2\/pages\/82","targetHints":{"allow":["GET"]}}],"collection":[{"href":"https:\/\/www.circulacoop.be\/index.php\/wp-json\/wp\/v2\/pages"}],"about":[{"href":"https:\/\/www.circulacoop.be\/index.php\/wp-json\/wp\/v2\/types\/page"}],"author":[{"embeddable":true,"href":"https:\/\/www.circulacoop.be\/index.php\/wp-json\/wp\/v2\/users\/1"}],"replies":[{"embeddable":true,"href":"https:\/\/www.circulacoop.be\/index.php\/wp-json\/wp\/v2\/comments?post=82"}],"version-history":[{"count":42,"href":"https:\/\/www.circulacoop.be\/index.php\/wp-json\/wp\/v2\/pages\/82\/revisions"}],"predecessor-version":[{"id":212,"href":"https:\/\/www.circulacoop.be\/index.php\/wp-json\/wp\/v2\/pages\/82\/revisions\/212"}],"wp:attachment":[{"href":"https:\/\/www.circulacoop.be\/index.php\/wp-json\/wp\/v2\/media?parent=82"}],"curies":[{"name":"wp","href":"https:\/\/api.w.org\/{rel}","templated":true}]}}